1 and 15892919?
191
Calculate the highest common divisor of 2327307704 and 2056.
2056
Calculate the greatest common divisor of 6017283 and 35424.
369
What is the greatest common divisor of 247118 and 508994?
314
Calculate the greatest common divisor of 22414614 and 5730.
1146
What is the greatest common divisor of 7692564 and 6?
6
Calculate the highest common factor of 89343722 and 1508.
754
Calculate the greatest common factor of 52 and 13742.
2
Calculate the highest common factor of 281093764 and 46.
46
Calculate the highest common divisor of 386796 and 1632.
12
What is the greatest common factor of 384541 and 1406?
703
What is the highest common factor of 140945420 and 14364?
532
Calculate the highest common factor of 138758 and 726.
2
Calculate the highest common factor of 225699 and 552799.
3271
What is the greatest common divisor of 195813 and 123?
3
Calculate the highest common factor of 39 and 17294446.
13
Calculate the highest common factor of 5789600 and 640.
160
What is the highest common divisor of 1669093 and 40874?
107
What is the highest common divisor of 49075675 and 259325?
6325
Calculate the highest common factor of 3770 and 175206980.
3770
Calculate the greatest common factor of 894833 and 474.
79
What is the highest common divisor of 500 and 186865250?
250
What is the greatest common factor of 40 and 222115704?
8
What is the highest common divisor of 3958 and 206?
2
What is the highest common factor of 4333251 and 273?
39
What is the greatest common divisor of 250 and 25661500?
250
Calculate the highest common factor of 4687 and 265998.
43
Calculate the greatest common factor of 110112142 and 943.
41
Calculate the highest common divisor of 3909084 and 1221248.
5452
What is the highest common divisor of 96 and 15233676?
12
Calculate the highest common factor of 217149555 and 1.
1
Calculate the greatest common factor of 12913 and 1748141.
349
Calculate the greatest common factor of 2575 and 2462318.
103
Calculate the highest common factor of 444144420 and 7740.
7740
What is the greatest common divisor of 28 and 1578979010?
14
Calculate the highest common divisor of 1658343 and 76587.
1563
Calculate the greatest common divisor of 34360844 and 140.
28
Calculate the greatest common divisor of 11155 and 15880258.
2231
Calculate the highest common divisor of 22 and 2423597.
11
What is the greatest common divisor of 3184 and 23801992?
1592
Calculate the greatest common factor of 46917 and 263056.
401
What is the highest common factor of 326 and 2365304084?
326
What is the highest common divisor of 2001980 and 5270?
310
Calculate the greatest common divisor of 11 and 4192789.
1
Calculate the highest common divisor of 138364 and 38.
2
Calculate the highest common factor of 860 and 295530916.
172
Calculate the greatest common divisor of 2520810 and 3932730.
3330
Calculate the highest common factor of 136 and 13354504.
8
What is the highest common divisor of 68464 and 9520?
16
What is the highest common divisor of 96131 and 1457?
31
Calculate the greatest common divisor of 679250856 and 7272.
2424
Calculate the highest common factor of 620475416 and 88.
88
What is the greatest common factor of 474400 and 27700?
100
Calculate the highest common factor of 3004 and 5408.
4
What is the highest common divisor of 1142819980 and 380?
380
Calculate the greatest common factor of 840 and 6989080.
280
What is the greatest common factor of 9861 and 1303761?
57
Calculate the highest common factor of 2594374 and 16304.
2038
What is the greatest common divisor of 129 and 13305619?
43
What is the greatest common factor of 107500 and 555?
5
Calculate the greatest common divisor of 639160 and 2888.
152
What is the greatest common divisor of 2975052 and 1247?
29
What is the greatest common divisor of 167008 and 26080?
32
What is the highest common factor of 265 and 193424083?
53
Calculate the greatest common divisor of 540160087 and 2195.
439
Calculate the greatest common divisor of 19404 and 178615584.
1764
What is the greatest common divisor of 19977813 and 5841?
531
What is the greatest common factor of 26675 and 39025?
25
Calculate the greatest common factor of 156 and 46118202.
78
Calculate the highest common divisor of 41421100 and 56.
28
What is the greatest common divisor of 2490166 and 15106?
1162
What is the highest common factor of 473450 and 164741662?
18938
Calculate the greatest common factor of 188692857 and 4617.
171
What is the highest common factor of 22509 and 19045115?
2501
Calculate the highest common factor of 387 and 1422397.
43
Calculate the greatest common factor of 454310550 and 7650.
7650
What is the highest common factor of 92 and 30178139?
23
Calculate the highest common factor of 3884929670 and 10.
10
Calculate the greatest common divisor of 10378 and 2359946822.
10378
Calculate the highest common factor of 1608 and 22573305.
201
What is the highest common factor of 41715 and 29192775?
1545
What is the greatest common factor of 74178708 and 18438?
2634
Calculate the greatest common divisor of 53922 and 35340.
114
What is the greatest common factor of 183 and 7984717?
61
Calculate the highest common divisor of 6834 and 110049041.
1139
Calculate the highest common factor of 74928 and 184850498.
3122
Calculate the highest common factor of 2344 and 78555058.
586
Calculate the highest common divisor of 18005851 and 4383.
487
Calculate the greatest common divisor of 200 and 73838150.
50
Calculate the greatest common factor of 35927478 and 432.
18
Calculate the greatest common divisor of 147 and 16933197.
3
What is the highest common factor of 782 and 27766474?
782
What is the greatest common factor of 1223995 and 20210?
215
Calculate the highest common factor of 197349 and 9891.
471
Calculate the greatest common divisor of 2502 and 34146.
18
Calculate the greatest common factor of 873955435 and 215.
215
Calculate the highest common factor of 252 and 462384.
36
What is the greatest common divisor of 68154 and 1036?
74
Calculate the highest common divisor of 16037 and 24262.
7
What is the highest common factor of 4550304 and 2480?
496
What is the highest common factor of 6790638 and 8778?
114
What is the greatest common divisor of 49738941 and 1083?
1083
Calculate the highest common divisor of 2635536 and 77904.
48
What is the greatest common divisor of 819 and 85477?
7
Calculate the highest common divisor of 2274 and 63243730.
758
Calculate the greatest common factor of 35864235 and 495.
495
Calculate the greatest common divisor of 5262919 and 470.
47
What is the highest common factor of 2663 and 256?
1
Calculate the highest common divisor of 699 and 114568197.
699
Calculate the highest common divisor of 121089024 and 4368.
336
What is the highest common divisor of 27719 and 54113?
53
What is the highest common factor of 49 and 2746961?
7
What is the highest common factor of 703245 and 2236890?
2595
Calculate the greatest common factor of 731318 and 34.
2
What is the highest common factor of 807 and 19579434?
807
Calculate the highest common factor of 12503407 and 154.
7
Calculate the highest common divisor of 13578 and 474424.
62
What is the greatest common factor of 2088 and 800645688?
2088
What is the highest common divisor of 15950 and 125402090?
3190
What is the greatest common factor of 120 and 49821840?
120
What is the greatest common factor of 255 and 5733216?
51
Calculate the highest common factor of 13755 and 75634815.
1965
Calculate the highest common factor of 140 and 2169320.
20
Calculate the highest common divisor of 1129 and 28550152.
1129
What is the highest common factor of 137041 and 97?
1
What is the highest common divisor of 102162025 and 525?
175
Calculate the greatest common divisor of 78 and 91436865.
39
Calculate the greatest common factor of 156661659 and 1386.
693
Calculate the greatest common divisor of 1332 and 17421783.
111
What is the highest common factor of 48114 and 16308459?
2187
Calculate the highest common factor of 264 and 28956624.
24
What is the highest common factor of 4528 and 30368447?
283
What is the highest common factor of 3852 and 113111412?
1284
What is the highest common divisor of 1428066 and 36414?
18
What is the greatest common divisor of 504499898 and 106?
106
What is the hig